). What is the remainder when 41 is divided by 3 + (6 - -3) + p?
9
Suppose -4*i = i - 35. Let b(x) = -7 + 3*x + 1 + 26 + 12. Calculate the remainder when b(-5) is divided by i.
3
What is the remainder when 194 is divided by (-8)/(-3 + -1) - -61?
5
Let p be ((-7)/(-2))/(11 - (-715)/(-66)). What is the remainder when 31 is divided by (222/(-42) - -3)*p/(-6)?
7
Let o = 986 - 976. Calculate the remainder when 1825 is divided by o.
5
Let m = -5152 - -5161. Suppose 1 = -5*p + 6. What is the remainder when m is divided by p?
0
Let k be 399/45 + (-2)/(-15). Suppose -4*d = -k*d + 45. Calculate the remainder when (4 - 3)/(-1*2/(-34)) is divided by d.
8
Let q be (-10)/(-15) + (-1 - 1000/(-12)). Let n = q - -26. Calculate the remainder when n is divided by 22.
21
Let z(l) = l**3 - 5*l**2 - 13*l + 8. What is the remainder when 579 is divided by z(8)?
3
Suppose -2*f + 9*y = -443, 4*f - 1157 = 4*y - 285. What is the remainder when f is divided by 186?
31
Suppose -5*g = -5*y - 80, 28 = 2*g - 5*y - 13. Let x = g + 5. Calculate the remainder when -11 + 156 + -12 + 7 + 3 is divided by x.
17
Let n be (-4)/(-100)*-5*5*1. Let y(b) = -33*b - 15. Let s(p) = -p. Calculate the remainder when y(n) is divided by s(-4).
2
Suppose 4*r + 5*c - 3622 = 1198, c = r - 1214. Suppose -19*k - r + 3167 = 0. What is the remainder when k is divided by 15?
13
Let k = -52 + 44. Let o be (k/(-2))/((-5)/(-10)). Suppose 512 + 712 = o*q. What is the remainder when q is divided by 39?
36
Suppose 3*c + m + 423 = 8*c, -4*c = -m - 339. Suppose -1184 = -85*y + 431. Calculate the remainder when c is divided by y.
8
Suppose -2*p + 663 - 159 = 0. Suppose 371*x - 375*x = -p. Calculate the remainder when x is divided by 18.
9
Let c = -179 - 48. Let z = 258 + c. What is the remainder when 237/2 - (-3)/2 is divided by z?
27
Suppose -5*g = -3*l - 538, -5*l + 386 = g + 3*g. Calculate the remainder when g is divided by 47.
10
Suppose 96 = 4*r - 2*l, 3*r - 2*l - 72 = l. Suppose 1348 = 17*o + 22. Let h = o - -15. Calculate the remainder when h is divided by r.
21
Suppose y = -4*y + 865. Let z(v) = -2851*v - 34209. What is the remainder when y is divided by z(-12)?
2
Suppose -76*v - 69*v = -159*v + 6034. Calculate the remainder when 786 is divided by v.
355
Suppose 103 = 4*f + 3*c, 0 = 4*f - 6*c + 11*c - 113. Suppose 0 = 3*g - 4*g + 215. Calculate the remainder when g is divided by f.
17
Let n(b) = b**3 + 14*b**2 + 66. What is the remainder when 1011 is divided by n(0)?
21
Suppose b - 1284 = -3*t, -5*b - 19*t = -22*t - 6384. What is the remainder when b is divided by 142?
0
Let n(j) be the second derivative of -j**5/10 + j**4/4 + j**3/3 - 7*j**2/2 - 5*j + 1. What is the remainder when n(-2) is divided by 13?
4
Suppose -1100768 - 468912 = -560*c. Calculate the remainder when 2818 is divided by c.
15
Suppose -2*y = -14 + 10. Suppose c - 3*q = -11, 0 = -c + 4*c - 2*q - y. Calculate the remainder when 91/c - (-1 + 9/12) is divided by 9.
5
Calculate the remainder when 282 is divided by (1428/24)/((-2)/(-4)).
44
Let i = 30812 + -30454. What is the remainder when 1787 is divided by i?
355
Suppose -6 = -2*m - 0. Suppose -m*x + 28 + 0 = -y, -5*y + 25 = 0. Let h = 2 - -18. Calculate the remainder when h is divided by x.
9
Suppose -4*r - 335 = -9*r. Let q = 94 - r. Suppose 0*a + 4*c = -a + 15, -3*c = 3*a - q. Calculate the remainder when 34 is divided by a.
6
Calculate the remainder when 881 is divided by (-1308)/(-9)*(-3)/4*(11 - 13).
9
Let r(m) = -2*m + 7. Let s be r(-8). Suppose q + 286 = s*q. What is the remainder when 46 is divided by q?
7
Let i be 31 + 92 + 2*2. Suppose -i*m = -128*m + 46. What is the remainder when 83 is divided by m?
37
What is the remainder when (-105)/(-28)*(5644/51 + (0 - 4)) is divided by 7?
1
Let a(r) = -r**2 - 10*r + 5. Calculate the remainder when (-107484)/(-530) - ((-9)/(-5) + -1) is divided by a(-4).
28
Suppose 2*p - 4*f = 6*p - 112, -4*f + 22 = p. What is the remainder when 131 is divided by ((-144)/(-90))/((-86)/p + 3)?
11
Suppose -21*z = -20*z - 12. What is the remainder when (8 + (-22)/2)/(3/(-466)) is divided by z?
10
Let w(a) = -50 + 23*a + 35 - 18 - 56 - a**2. What is the remainder when w(16) is divided by 2?
1
Suppose 340 = 27*u + 7*u. Suppose 0*c - u*c = -1270. What is the remainder when c is divided by 10?
7
Let w(r) = 138*r - 8. Let y be w(1). Let z(k) = -16*k - 4. Let x be z(-6). Let n = y - x. Calculate the remainder when n is divided by 20.
18
Let k(b) = -2*b + 2. Let h be k(2). What is the remainder when (0 + h/(-4))*92 is divided by 7?
4
Suppose -3*y = 21*y + 432. What is the remainder when 277 is divided by y/72 + (2 - (-117)/4)?
29
Suppose 111 = 13*a + 7. Let f(z) = -36*z + 2. Let b be f(-8). Suppose 8*d + 74 = b. Calculate the remainder when d is divided by a.
3
Suppose 51*j + 25*j = 36708. Calculate the remainder when j is divided by 112.
35
Suppose 0 = -823*w + 821*w + 2*g + 1158, 0 = 3*w - 4*g - 1744. Calculate the remainder when w is divided by 443.
129
Suppose -b - 3*s - 12 = 0, -27*b + s - 8 = -28*b. Let r(g) = 9*g**2 + 2*g + 3. What is the remainder when r(-2) is divided by b?
17
Let u(h) be the second derivative of h**4/12 + 39*h**2/2 + 60*h. Calculate the remainder when 152 is divided by u(0).
35
Suppose 72*i + 18490 - 122890 = -6840. Calculate the remainder when i is divided by 10.
5
Suppose 678 - 504 = 2*i. Suppose -33*j = -573 - i. Calculate the remainder when 358 is divided by j.
18
Suppose -3*c + 1 + 224 = x, 3*x + 2*c = 682. Suppose 739 = 23*b - 1032. Calculate the remainder when x is divided by b.
74
Calculate the remainder when 504 is divided by 28 + (-1 - 21) - (-118 - 2).
0
Let b be 0/4 - (-3 + 1 + 0). Suppose -3*f = 6, -263 = -5*j - b*f + f. Suppose 0 = 4*x, 3*q + 3*x = j + 4. Calculate the remainder when 54 is divided by q.
16
Let j = 15991 + -10672. What is the remainder when j is divided by 14?
13
Suppose 5193 = 356*l - 347*l. Calculate the remainder when l is divided by 175.
52
Let z(x) = -33*x - 180. Let q be z(-6). Let o(f) = 17*f - 1. Let y be o(1). Let a = q + y. What is the remainder when 100 is divided by a?
32
Let w be (12/(-9))/(4/48*-4). Suppose w*a = -4*z + 208 - 24, -5*a = -15. Calculate the remainder when 122 is divided by z.
36
Let u = 34 - 39. Let b(s) = 6*s**2 - s. Let m be b(1). Calculate the remainder when 17 is divided by (-1)/m + (-31)/u.
5
What is the remainder when 22068 + ((-184)/16 + 9)*-2 is divided by 39?
38
Let q(h) = h**3 - h**2 - 18*h - 4. Let d be q(5). Let s be 3133/(-117) + d/(-27). Let a = s - -139. Calculate the remainder when a is divided by 19.
17
What is the remainder when 4216 is divided by 187/5 - 5/(50/4)?
35
Let m(s) = -45 - s**3 - 8*s + 8*s**2 + 5*s + 11*s - 12*s. What is the remainder when 31 is divided by m(6)?
1
Suppose -2*b + 5*z = -15095, b - 3425 = -2*z + 4145. What is the remainder when b is divided by 19?
17
Suppose 14*g - 12*g = 30. Calculate the remainder when (g/(-1))/((117/6)/(-13)) is divided by 34/8 - (-3)/(-12).
2
Let r(u) = 171*u**2 + 1021*u - 18. Suppose 29 = -3*i + 4*i. Let h = i - 6. Calculate the remainder when h is divided by r(-6).
11
Suppose 63*o - 59*o + 4*l = 268, 3*o = -2*l + 204. What is the remainder when o is divided by 58?
12
What is the remainder when 174 is divided by (441/3 + 0)/(17 + 3 - 17)?
27
Suppose -13 + 123 = 2*j - s, -4*j + 4*s + 220 = 0. Calculate the remainder when 327 is divided by j.
52
Let t(a) = 5*a**2 + 5*a - 4. Calculate the remainder when 2227 is divided by t(2).
17
Let d = 22494 - 22479. Calculate the remainder when 1850 is divided by d.
5
Suppose -181*x - 96 = -147*x - 606. Calculate the remainder when 38 is divided by x.
8
Let g = 254 - 274. Let o = 3 - g. Calculate the remainder when 274 is divided by o.
21
Let h = 1333 + -1266. Calculate the remainder when 166 is divided by h.
32
Let c be ((-17)/(-51))/((-3)/(-90)). Suppose -46 = -5*b + k, 0 = -4*b - 9*k + c*k + 37. What is the remainder when 52 is divided by b?
7
Let d(q) = -5*q**2 - 14*q + 16. Let z be d(-5). Let v = z + 101. What is the remainder when v is divided by 22?
18
Suppose -70 = 3*w - 5*w. Let g(o) = 4*o**2 - 139*o + 28. Calculate the remainder when g(36) is divided by w.
33
Suppose 2*p - 72 = -4*p. Let u(j) = j + 142. Let k be u(32). Suppose -k = 3*g - 279. Calculate the remainde